s the highest common divisor of 151 and 10872?
151
Calculate the highest common divisor of 1280 and 20.
20
Calculate the greatest common factor of 156 and 3328.
52
What is the highest common divisor of 1633 and 213?
71
What is the greatest common divisor of 989 and 69?
23
Calculate the highest common divisor of 69 and 621.
69
What is the highest common divisor of 208 and 26?
26
What is the greatest common factor of 352 and 416?
32
Calculate the greatest common divisor of 24 and 42.
6
Calculate the highest common factor of 39 and 299.
13
What is the greatest common divisor of 4 and 108?
4
What is the highest common factor of 3534 and 266?
38
Calculate the greatest common divisor of 82 and 574.
82
Calculate the greatest common divisor of 18 and 162.
18
Calculate the highest common divisor of 24 and 3.
3
Calculate the highest common divisor of 360 and 40.
40
Calculate the highest common factor of 23268 and 24.
12
What is the greatest common divisor of 38 and 27322?
38
Calculate the highest common factor of 14952 and 70.
14
What is the highest common divisor of 7991 and 131?
131
What is the highest common divisor of 38 and 456?
38
Calculate the greatest common factor of 81 and 3546.
9
What is the greatest common divisor of 102 and 17?
17
Calculate the greatest common divisor of 93 and 5177.
31
What is the highest common divisor of 308 and 112?
28
Calculate the highest common divisor of 846 and 1008.
18
What is the greatest common divisor of 35 and 805?
35
Calculate the highest common divisor of 945 and 675.
135
Calculate the greatest common factor of 1846 and 781.
71
What is the greatest common divisor of 174 and 957?
87
Calculate the greatest common factor of 75 and 60.
15
What is the highest common factor of 1528 and 8786?
382
What is the greatest common factor of 14 and 889?
7
Calculate the highest common divisor of 56 and 4.
4
What is the highest common factor of 216 and 184?
8
Calculate the greatest common divisor of 464 and 16.
16
What is the greatest common factor of 629 and 51?
17
Calculate the highest common divisor of 59 and 1888.
59
What is the greatest common factor of 14282 and 1544?
386
Calculate the greatest common factor of 126 and 336.
42
Calculate the greatest common divisor of 434 and 62.
62
Calculate the greatest common divisor of 4530 and 90.
30
What is the highest common factor of 38 and 2850?
38
What is the highest common divisor of 60 and 230?
10
Calculate the greatest common divisor of 720 and 1680.
240
What is the greatest common divisor of 354 and 6?
6
What is the highest common factor of 3792 and 48?
48
Calculate the greatest common factor of 3200 and 384.
128
Calculate the highest common divisor of 4887 and 135.
27
What is the greatest common factor of 4704 and 126?
42
Calculate the highest common divisor of 68 and 1139.
17
Calculate the greatest common divisor of 1066 and 26.
26
Calculate the highest common factor of 104 and 13.
13
What is the greatest common divisor of 406 and 658?
14
Calculate the greatest common divisor of 18375 and 147.
147
What is the greatest common factor of 4411 and 33?
11
What is the greatest common factor of 1496 and 119?
17
Calculate the greatest common factor of 60 and 810.
30
Calculate the highest common divisor of 238 and 272.
34
Calculate the greatest common factor of 3708 and 144.
36
Calculate the highest common divisor of 30 and 1635.
15
What is the highest common factor of 2712 and 96?
24
Calculate the highest common factor of 4805 and 341.
31
What is the highest common divisor of 5745 and 15?
15
Calculate the greatest common factor of 26 and 6266.
26
What is the greatest common divisor of 46 and 161?
23
Calculate the greatest common factor of 4832 and 96.
32
Calculate the greatest common divisor of 14580 and 20.
20
Calculate the greatest common factor of 32 and 104.
8
Calculate the greatest common factor of 1044 and 927.
9
What is the greatest common divisor of 14 and 707?
7
Calculate the highest common divisor of 3584 and 84.
28
Calculate the highest common divisor of 872 and 8.
8
What is the highest common factor of 385 and 420?
35
Calculate the highest common divisor of 352 and 1496.
88
What is the highest common divisor of 16289 and 179?
179
Calculate the highest common factor of 9 and 3.
3
What is the highest common divisor of 3045 and 105?
105
What is the greatest common factor of 85 and 20?
5
What is the highest common divisor of 572 and 910?
26
What is the greatest common factor of 169 and 117?
13
What is the highest common factor of 51 and 3?
3
Calculate the highest common divisor of 21 and 57.
3
What is the highest common factor of 2695 and 140?
35
Calculate the greatest common factor of 10508 and 568.
284
What is the highest common factor of 1690 and 585?
65
Calculate the highest common factor of 27 and 135.
27
Calculate the greatest common divisor of 35873 and 29.
29
Calculate the greatest common divisor of 3094 and 42.
14
What is the greatest common divisor of 486 and 18?
18
Calculate the greatest common divisor of 26 and 4.
2
What is the greatest common factor of 1231 and 1?
1
What is the highest common divisor of 219 and 292?
73
What is the greatest common divisor of 1411 and 581?
83
What is the greatest common factor of 130 and 40?
10
What is the highest common divisor of 2575 and 25?
25
Calculate the greatest common divisor of 1855 and 106.
53
What is the greatest common divisor of 32 and 56?
8
Calculate the greatest common divisor of 4312 and 14.
14
What is the highest common divisor of 21 and 28?
7
Calculate the highest common factor of 45 and 5067.
9
Calculate the greatest common divisor of 68 and 1156.
68
Calculate the greatest common factor of 2232 and 279.
279
Calculate the highest common factor of 18 and 36.
18
What is the greatest common divisor of 25 and 800?
25
Calculate the highest common factor of 247 and 234.
13
Calculate the greatest common factor of 468 and 208.
52
What is the greatest common divisor of 612 and 1980?
36
Calculate the greatest common factor of 170 and 2992.
34
What is the greatest common divisor of 253 and 11?
11
What is the highest common divisor of 584 and 8?
8
What is the highest common factor of 12 and 18?
6
What is the highest common factor of 255 and 170?
85
Calculate the greatest common factor of 4 and 244.
4
Calculate the highest common divisor of 67 and 17286.
67
What is the greatest common divisor of 3 and 909?
3
What is the greatest common divisor of 16 and 11344?
16
Calculate the highest common factor of 8130 and 30.
30
Calculate the highest common divisor of 105 and 3045.
105
Calculate the highest common factor of 102 and 153.
51
What is the highest common divisor of 268 and 1742?
134
Calculate the highest common divisor of 1030 and 10918.
206
What is the highest common divisor of 230 and 490?
10
Calculate the highest common factor of 14 and 5222.
14
Calculate the greatest common divisor of 2185 and 1955.
115
Calculate the highest common factor of 658 and 28.
14
What is the greatest common factor of 27 and 171?
9
What is the greatest common divisor of 18 and 1989?
9
What is the highest common factor of 12 and 7056?
12
What is the highest common factor of 5250 and 2730?
210
Calculate the greatest common factor of 87 and 232.
29
What is the highest common divisor of 518 and 333?
37
Calculate the greatest common divisor of 305 and 366.
61
What is the greatest common factor of 335 and 3953?
67
What is the highest common factor of 4 and 172?
4
Calculate the greatest common divisor of 828 and 184.
92
What is the highest common divisor of 63 and 133?
7
Calculate the greatest common divisor of 7250 and 58.
58
What is the highest common divisor of 9 and 157?
1
What is the highest common factor of 25 and 80?
5
What is the greatest common factor of 74 and 1998?
74
Calculate the highest common factor of 62 and 10.
2
What is the highest common divisor of 228 and 60?
12
What is the greatest common divisor of 87066 and 126?
126
What is the greatest common divisor of 6 and 21?
3
What is the highest common factor of 2247 and 7062?
321
What is the greatest common factor of 539 and 11?
11
What is the highest common factor of 37 and 333?
37
What is the highest common divisor of 24 and 132?
12
Calculate the highest common factor of 8 and 